?
False
Is 26 a factor of 8754226?
True
Does 208 divide 20129616?
True
Is 46167827 a multiple of 11?
False
Is 55 a factor of 170450335?
True
Is 27612090 a multiple of 2673?
True
Is 186 a factor of 347949027?
False
Does 3 divide 63961545?
True
Is 840 a factor of 57564384?
False
Is 2029 a factor of 376698053?
True
Is 73710639 a multiple of 1140?
False
Does 181 divide 153897241?
True
Is 125648531 a multiple of 11?
False
Is 727 a factor of 139979488?
True
Is 821 a factor of 16768829?
False
Is 304824345 a multiple of 1941?
True
Is 21019028 a multiple of 295?
False
Is 225670544 a multiple of 88?
True
Does 6164 divide 3030592311?
False
Is 11 a factor of 12040070?
False
Does 8 divide 105360000?
True
Is 69003854 a multiple of 60?
False
Does 768 divide 156795648?
True
Is 403 a factor of 131213576?
True
Does 223 divide 38795979?
True
Does 434 divide 63983752?
True
Is 21 a factor of 4504523?
False
Is 358 a factor of 78156054?
True
Is 30110676 a multiple of 12?
True
Does 539 divide 1941023623?
True
Does 263 divide 28995056?
False
Is 2162 a factor of 115212285?
False
Is 21 a factor of 83773641?
True
Is 5375568579 a multiple of 23?
True
Does 16 divide 390563392?
True
Is 1485636872 a multiple of 2008?
True
Does 442 divide 121173416?
True
Does 116 divide 157962536?
True
Is 7711637 a multiple of 50?
False
Is 690700864 a multiple of 7196?
True
Does 5336 divide 1339336?
True
Is 1388441406 a multiple of 174?
False
Is 1991 a factor of 119358889?
False
Does 195 divide 16751751?
False
Is 88426962 a multiple of 117?
True
Is 123 a factor of 2565290706?
True
Is 2467369386 a multiple of 259?
False
Is 1572577488 a multiple of 6484?
True
Is 85 a factor of 16603206?
False
Does 1683 divide 32922270?
False
Is 753904277 a multiple of 5459?
True
Is 2513592696 a multiple of 2850?
False
Is 365 a factor of 114095715?
True
Is 61276913 a multiple of 29?
True
Does 78 divide 80606370?
True
Does 4031 divide 4452142756?
True
Is 1501 a factor of 7417942?
True
Does 9 divide 39123234?
True
Is 326 a factor of 772675226?
False
Is 3899 a factor of 274017821?
True
Is 191096115 a multiple of 173?
False
Is 780530801 a multiple of 1218?
False
Is 77585048 a multiple of 284?
False
Is 326195898 a multiple of 1808?
False
Does 7138 divide 1556084000?
True
Does 1959 divide 46545840?
True
Is 665785614 a multiple of 78?
True
Is 21 a factor of 133634214?
True
Is 1763470534 a multiple of 1858?
True
Is 43 a factor of 3059278?
True
Is 3470 a factor of 1217327095?
False
Does 920 divide 2263376640?
True
Is 2818047201 a multiple of 1445?
False
Is 244861694 a multiple of 946?
True
Is 26620650 a multiple of 315?
True
Is 34 a factor of 498756914?
True
Is 114 a factor of 1688961991?
False
Is 6618317 a multiple of 862?
False
Is 46644308 a multiple of 162?
False
Is 4 a factor of 93720398?
False
Is 168062155 a multiple of 4238?
False
Is 4 a factor of 169768?
True
Is 1303262257 a multiple of 2531?
False
Is 38482533 a multiple of 21?
False
Is 702984864 a multiple of 481?
False
Is 115925235 a multiple of 48?
False
Does 12 divide 248436321?
False
Is 915634752 a multiple of 41?
False
Is 37 a factor of 95914121?
False
Is 76 a factor of 408224804?
True
Does 11 divide 114471968?
False
Is 113 a factor of 3343558243?
True
Does 60 divide 403469100?
True
Does 289 divide 42047477?
True
Does 1680 divide 670877760?
True
Is 1215524910 a multiple of 132?
False
Is 688 a factor of 29433328?
True
Is 7264 a factor of 711552384?
True
Does 118 divide 144881698?
True
Is 707010396 a multiple of 164?
True
Is 673207500 a multiple of 42?
True
Does 15 divide 14022070?
False
Is 9 a factor of 100316002?
False
Is 68 a factor of 500476301?
False
Does 68 divide 564950392?
True
Is 569528274 a multiple of 174?
True
Is 59807655 a multiple of 505?
True
Does 126 divide 55661000?
False
Is 4490733 a multiple of 3?
True
Is 123 a factor of 52961912?
False
Is 18 a factor of 23152356?
True
Is 8 a factor of 9691010?
False
Is 4714853890 a multiple of 698?
True
Is 131900935 a multiple of 1598?
False
Is 7 a factor of 430001977?
False
Is 988 a factor of 662267898?
False
Is 837668547 a multiple of 81?
True
Is 218716425 a multiple of 25?
True
Is 14 a factor of 27828611?
False
Is 56197549 a multiple of 117?
False
Does 14 divide 2020444795?
False
Is 1259 a factor of 4623700162?
True
Is 10 a factor of 2164124790?
True
Is 5250115 a multiple of 13?
True
Does 159 divide 15172742?
False
Is 602790144 a multiple of 44?
True
Is 80923700 a multiple of 65?
True
Is 54 a factor of 12706501?
False
Is 30595107 a multiple of 339?
False
Is 1880 a factor of 925074680?
True
Is 6218195 a multiple of 64?
False
Does 249 divide 3412968051?
True
Is 454143375 a multiple of 8883?
True
Does 113 divide 653742403?
True
Does 45 divide 541409378?
False
Is 2451 a factor of 48863136?
True
Is 110 a factor of 89570360?
True
Is 291 a factor of 218527299?
False
Is 198 a factor of 22759494?
False
Is 153 a factor of 272499323?
False
Does 17 divide 9708241?
True
Is 12 a factor of 47121181?
False
Is 493 a factor of 665832982?
True
Is 93 a factor of 1449296?
False
Is 8 a factor of 2011520408?
True
Does 13 divide 1279444491?
True
Is 209015892 a multiple of 36?
True
Does 23 divide 95877937?
False
Does 53 divide 446672711?
True
Is 23783875 a multiple of 25?
True
Is 145 a factor of 72158090?
True
Is 13 a factor of 148837754?
True
Does 42 divide 610080912?
True
Is 10317376 a multiple of 60?
False
Does 6 divide 1023900?
True
Is 3597048 a multiple of 18?
True
Is 1149 a factor of 529176189?
False
Is 226375817 a multiple of 101?
False
Is 614 a factor of 692657084?
True
Is 25 a factor of 1611409375?
True
Does 568 divide 540817461?
False
Is 6 a factor of 70058599?
False
Is 342410677 a multiple of 204?
False
Is 1498748208 a multiple of 1416?
True
Is 30283136 a multiple of 208?
True
Is 291342371 a multiple of 19?
True
Is 113 a factor of 2520288597?
False
Does 1183 divide 122274329?
False
Does 314 divide 5119465?
False
Is 4667826204 a multiple of 306?
True
Is 1650015424 a multiple of 32?
True
Does 12 divide 49235508?
True
Does 533 divide 2143876397?
False
Is 3149 a factor of 64247450?
False
Is 223 a factor of 8139004?
False
Does 14 divide 1526195126?
False
Is 5219228 a multiple of 19?
False
Is 144 a factor of 71021873?
False
Is 3134592 a multiple of 72?
True
Does 89 divide 1867042?
True
Is 98789045 a multiple of 71?
True
Is 117493890 a multiple of 94?
True
Is 10 a factor of 14906905?
False
Is 4500160631 a multiple of 4302?
False
Is 364 a factor of 117128284?
True
Is 128 a factor of 1921354240?
True
Is 794772 a multiple of 22?
True
Is 20 a factor of 1354460?
True
Does 20 divide 43639079?
False
Is 952 a factor of 412892872?
True
Does 1969 divide 371258888?
True
Is 12 a factor of 1155936811?
False
Does 1223 divide 836514151?
False
Is 18 a factor of 12902229?
False
Is 1445767652 a multiple of 3626?
False
Does 1640 divide 2112438080?
True
Is 14 a factor of 70459732?
True
Is 1025300784 a multiple of 5496?
True
Is 24168700 a multiple of 4?
True
Does 1926 divide 6086067?
False
Is 604229640 a multiple of 340?
True
Is 1995485989 a multiple of 3225?
False
Does 89 divide 692957115?
True
Does 395 divide 1690692776?
False
Does 508 divide 9079992?
True
Is 3541680400 a multiple of 42?
False
Is 39141728 a multiple of 69?
False
Does 355 divide 63296986?
False
Does 31 divide 27479333?
False
Is 7 a factor of 26107053?
True
Is 88850070 a multiple of 2420?
False
Is 5620286020 a multiple of 56?
False
Does 979 divide 48847193?
False
Does 44 divide 435993140?
True
Is 13433688 a multiple of 324?
True
Is 874499940 a multiple of 180?
True
Is 2020 a factor of 53612820?
True
Is 32535616 a multiple of 1922?
True
Does 221 divide 11563069?
False
Does 639 divide 383684355?
True
Does 56 divide 57929200?
True
Is 4 a factor of 36154740?
True
Is 21 a factor of 914244296?
False
Does 136 divide 74276776?
False
Does 93 divide 126081867?
True
Is 210 a factor of 102189398?
False
Does 27 divide 131149854?
True
Does 10 divide 1036810?
True
Is 89152068 a multiple of 177?
True
Is 12588325 a multiple of 5?
True
Is 15299340 a multiple of 861?
False
Is 51 a factor of 247315014?
True
Is 5030874 a multiple of 18?
True
Is 58959579 a multiple of 4468?
False
Does 118 divide 7120366?
False
Does 669 divide 852875988?
True
Does 18 divide 646357428?
True
Is 3396 a factor of 135